{"id":226,"date":"2015-05-28T10:30:07","date_gmt":"2015-05-28T08:30:07","guid":{"rendered":"http:\/\/tommusrhodus.wpengine.com\/?page_id=226"},"modified":"2022-10-29T18:33:32","modified_gmt":"2022-10-29T16:33:32","slug":"pages-services-1","status":"publish","type":"page","link":"https:\/\/spheravague.fr\/index.php\/pages-services-1\/","title":{"rendered":"Le livre du projet &#8211; Tome 1"},"content":{"rendered":"<p>[vc_row][vc_column][vc_column_text]<\/p>\n<h2>Si vous avez envie de conna\u00eetre les moindres d\u00e9tails du projet, des \u00e9l\u00e9ments techniques aux r\u00e9flexions fonctionnelles, des calculs de pr\u00e9dimensionnement ou encore des premiers tests en piscine vous pouvez d\u00e9couvrir mon livre, v\u00e9ritable journal de bord de la Spheravague !<\/h2>\n<p>[\/vc_column_text][\/vc_column][\/vc_row][vc_row kwoon_bg=\u00a0\u00bbinverse\u00a0\u00bb][vc_column width=\u00a0\u00bb2\/3&Prime;][vc_single_image image=\u00a0\u00bb123&Prime; img_size=\u00a0\u00bbfull\u00a0\u00bb alignment=\u00a0\u00bbcenter\u00a0\u00bb onclick=\u00a0\u00bbcustom_link\u00a0\u00bb css_animation=\u00a0\u00bbbottom-to-top\u00a0\u00bb link=\u00a0\u00bb#\u00a0\u00bb][\/vc_column][vc_column width=\u00a0\u00bb1\/3&Prime;][vc_column_text]V\u00e9ritable journal de bord de Spheravague ![\/vc_column_text]\n\t\t<div class=\"feature wow fadeIn\" data-wow-duration=\"1s\" data-wow-delay=\"0s\">\n\t\t\t<div class=\"icon\"> \n\t\t\t\t<i class=\"budicon-graph\"><\/i> \n\t\t\t<\/div>\n<h4>Tome I d&rsquo;une grande aventure<\/h4>\n<p>Ce livre est le premier ouvrage retra\u00e7ant toutes les \u00e9tapes du projet, de la r\u00e9flexion au calcul en passant par tous les aspects techniques et logistiques.\n\t\t<\/div>\n\t\n\t\t<div class=\"feature wow fadeIn\" data-wow-duration=\"1s\" data-wow-delay=\"0s\">\n\t\t\t<div class=\"icon\"> \n\t\t\t\t<i class=\"budicon-book-3\"><\/i> \n\t\t\t<\/div>\n<h4>Une lecture pour tous !<\/h4>\n<p>Ce livre se veut accessible au plus grand nombre. Via des exemples, des exercices, tout est expliqu\u00e9 afin de suivre toutes les \u00e9tapes de la construction de Spheravague.\n\t\t<\/div>\n\t[\/vc_column][\/vc_row][vc_row kwoon_bg=\u00a0\u00bblight\u00a0\u00bb][vc_column][vc_column_text css=\u00a0\u00bb.vc_custom_1656410883479{border-radius: 2px !important;}\u00a0\u00bb]<\/p>\n<p>\u00a0<\/p>\n\n\n<\/p>\n<h2 class=\"wp-block-heading\">R\u00e9sum\u00e9<\/h2>\n<p>\n\n\n<p><\/p>\n\n\n<\/p>\n<p>Ce tome I a pour premier objectif d\u2019expliquer tout le cheminement pour la r\u00e9alisation d\u2019un projet de construction amateur d\u2019un bateau prototype hors norme et pour second objectif de servir de dossier technique pour la certification de mon embarcation.<\/p>\n<p>\n\n\n<p><\/p>\n\n\n<\/p>\n<p>Il s\u2019adresse \u00e0 tous les amoureux de la mer, les constructeurs amateurs et tout simplement les passionn\u00e9s de technologie ou du bricolage. Ce guide, pourra int\u00e9resser les lyc\u00e9ens qui poss\u00e8dent d\u00e9j\u00e0 un niveau suffisant pour comprendre mon cheminement technique mais aussi les jeunes techniciens, les ing\u00e9nieurs et m\u00eame les masters en construction navale qui trouveront s\u00fbrement des id\u00e9es pour approfondir mes analyses.<br \/>Les nombreux documents traitants de l\u2019architecture navale sont tr\u00e8s souvent orient\u00e9s sur les gros navires. Pour rendre une lecture plus directe, plus attrayante et plus amusante, j\u2019ai pr\u00e9f\u00e9r\u00e9 r\u00e9diger un recueil<br \/>d\u2019informations tr\u00e8s pratiques, accessible \u00e0 tous, en \u00e9vitant les laborieuses d\u00e9monstrations d\u00e9velopp\u00e9es dans les livres sp\u00e9cialis\u00e9s. Pour une meilleure compr\u00e9hension, j\u2019ai souhait\u00e9 conserver la notation et le vocabulaire utilis\u00e9s dans l\u2019architecture navale, le monde de la plaisance ou de la mer. On y retrouvera des rappels techniques, des calculs de dimensionnement, des formules, des r\u00e8gles de base de la physique, de la m\u00e9canique ou de la r\u00e9sistance des mat\u00e9riaux, des sch\u00e9mas, des conseils sur la construction d\u2019engin nautique, sur la s\u00e9curit\u00e9 et sur les principes de navigation, mais aussi sur la r\u00e9glementation appliqu\u00e9e aux navires.<\/p>\n<p>\n\n\n<p><\/p>\n\n\n<\/p>\n<p>Cet ouvrage va donner des r\u00e9ponses aux questions que tout concepteur d\u2019embarcation peut l\u00e9gitimement se poser, comme par exemple :<br \/>Quelle vitesse peut-elle atteindre ?<br \/>Quelle-est sont tirant d\u2019eau ?<br \/>Est-t-elle stable ?<br \/>Est-t-elle confortable ?<br \/>Comment va-t-elle se comporter sur l\u2019eau ?<br \/>R\u00e9siste-t-elle aux vents violents ?<br \/>R\u00e9siste-t-elle aux grosses vagues ?<br \/>Va-t-elle r\u00e9sister \u00e0 la pression ?<br \/>\u2026<br \/><br \/>Ce livre, rempli d\u2019astuces et d\u2019ing\u00e9niosit\u00e9s, n\u2019a pas la pr\u00e9tention de se substituer aux ouvrages scientifiques, mais plut\u00f4t d\u2019aborder, avec beaucoup de simplicit\u00e9, les vrais probl\u00e8mes d\u2019une construction navale (choix des mat\u00e9riaux et du mat\u00e9riel), en essayant de ne rien oublier, dans un esprit de pr\u00e9 dimensionnement pour \u00e9viter de faire de grosses erreurs de conception, surtout pour une TPE (Tr\u00e8s Petite Embarcation). En effet, les concepteurs font souvent appel \u00e0 des calculs par \u00e9l\u00e9ments finis (ou volumes finis) pour r\u00e9soudre des probl\u00e8mes tr\u00e8s complexes. Ces m\u00e9thodes num\u00e9riques sont \u00e9videmment tr\u00e8s puissantes mais tr\u00e8s difficiles \u00e0 contr\u00f4ler et peuvent m\u00eame nous \u00e9chapper si l\u2019on ne connait pas \u00e0 l\u2019avance un encadrement des r\u00e9sultats, c\u2019est-\u00e0-dire des ordres de grandeur. Pour \u00e9viter de faire de graves<br \/>erreurs, il faut toujours faire une analyse de premi\u00e8re approche, avec un calcul d\u2019estimation des valeurs attendues, en utilisant des formules simples et souvent suffisantes pour notre besoin. Donc il faut toujours \u00eatre vigilant sur un r\u00e9sultat de calcul, avoir un esprit critique avec de la logique et<br \/>\u00e9videmment du bon sens.<br \/>Ce guide pourra vous donner plusieurs possibilit\u00e9s techniques pour un m\u00eame probl\u00e8me car il n\u2019existe pas de solution unique, mais selon vos contraintes, vous serez amen\u00e9s \u00e0 prendre des d\u00e9cisions. Il ne faudra pas h\u00e9siter \u00e0 tout remettre \u00e0 plat, si vous vous trouvez dans une impasse, ou si vous d\u00e9passez vos objectifs. Sur internet, vous pourrez acc\u00e9der \u00e9videmment \u00e0 beaucoup de solutions technologiques, mais attention, il faudra in fine faire le bon choix.<\/p>\n<p>\n\n\n<p><\/p>\n\n\n<\/p>\n<p>J\u2019insiste aussi sur le fait que ma machine, qui peut \u00eatre construite enti\u00e8rement avec des pi\u00e8ces du commerce, n\u2019est pas une incroyable innovation scientifique d\u00e9fiant les lois de la nature, ou encore un v\u00e9hicule du futur (avec un nouveau moteur MHD\u2026), mais tout simplement une toute petite embarcation, respectueuse de l\u2019environnement (sans \u00e9mission de gaz \u00e0 effet de serre ni particules fines), con\u00e7ue avec une philosophie d\u2019aventure sur l\u2019eau en toute s\u00e9curit\u00e9.<br \/>Pour une meilleure lecture, les chapitres du livre seront souvent structur\u00e9s en trois parties : Une partie d\u2019analyse, une partie d\u2019application et une partie d\u2019essai. Ces parties seront introduites par des personnages repr\u00e9sentatifs du sujet trait\u00e9 (voir la L\u00e9gende).<br \/><br \/>J\u2019esp\u00e8re que ce projet original de construction navale amateur, permettra aux lecteurs de trouver des id\u00e9es pour leur propre projet ou bien tout simplement de s\u2019\u00e9vader en r\u00eavant \u00e0 de nouvelles explorations.<br \/>Le tome II aura pour objectif de montrer, \u00e0 l\u2019aide de nombreuses photos, toutes les \u00e9tapes de la construction de cette machine (usinage, assemblage, montage, ajustage \u2026) et de comparer tous les r\u00e9sultats pr\u00e9dictifs obtenus dans ce tome I. Il abordera aussi les tests de r\u00e9glage et les essais en mer par<br \/>tous temps. Ce tome II d\u00e9taillera toutes les modifications et corrections apport\u00e9es \u00e0 ce prototype, apr\u00e8s analyse des \u00e9carts, pour obtenir la \u00ab SPHERAVAGUE \u00bb parfaitement op\u00e9rationnelle.<\/p>\n<p>\n\n\n<p><\/p>\n<p>[\/vc_column_text][\/vc_column][\/vc_row]<\/p>\n<p><\/p>\n\n\n<h2 class=\"has-text-align-center wp-block-heading\">    Sommaire<\/h2>\n\n\n<div class=\"wp-block-image\">\n<figure class=\"aligncenter size-full\"><img loading=\"lazy\" decoding=\"async\" width=\"432\" height=\"667\" src=\"https:\/\/spheravague.fr\/wp-content\/uploads\/2022\/07\/image1-1.jpg\" alt=\"\" class=\"wp-image-2298\" srcset=\"https:\/\/spheravague.fr\/wp-content\/uploads\/2022\/07\/image1-1.jpg 432w, https:\/\/spheravague.fr\/wp-content\/uploads\/2022\/07\/image1-1-194x300.jpg 194w\" sizes=\"auto, (max-width: 432px) 100vw, 432px\" \/><\/figure>\n<\/div>\n\n<div class=\"wp-block-image\">\n<figure class=\"aligncenter size-full\"><img loading=\"lazy\" decoding=\"async\" width=\"429\" height=\"661\" src=\"https:\/\/spheravague.fr\/wp-content\/uploads\/2022\/07\/image2-1.jpg\" alt=\"\" class=\"wp-image-2299\" srcset=\"https:\/\/spheravague.fr\/wp-content\/uploads\/2022\/07\/image2-1.jpg 429w, https:\/\/spheravague.fr\/wp-content\/uploads\/2022\/07\/image2-1-195x300.jpg 195w\" sizes=\"auto, (max-width: 429px) 100vw, 429px\" \/><\/figure>\n<\/div>\n\n<div class=\"wp-block-image\">\n<figure class=\"aligncenter size-full\"><img loading=\"lazy\" decoding=\"async\" width=\"434\" height=\"669\" src=\"https:\/\/spheravague.fr\/wp-content\/uploads\/2022\/07\/image3-1.jpg\" alt=\"\" class=\"wp-image-2300\" srcset=\"https:\/\/spheravague.fr\/wp-content\/uploads\/2022\/07\/image3-1.jpg 434w, https:\/\/spheravague.fr\/wp-content\/uploads\/2022\/07\/image3-1-195x300.jpg 195w\" sizes=\"auto, (max-width: 434px) 100vw, 434px\" \/><\/figure>\n<\/div>\n\n<div class=\"wp-block-image\">\n<figure class=\"aligncenter size-full\"><img loading=\"lazy\" decoding=\"async\" width=\"431\" height=\"662\" src=\"https:\/\/spheravague.fr\/wp-content\/uploads\/2022\/07\/image4-1.jpg\" alt=\"\" class=\"wp-image-2301\" srcset=\"https:\/\/spheravague.fr\/wp-content\/uploads\/2022\/07\/image4-1.jpg 431w, https:\/\/spheravague.fr\/wp-content\/uploads\/2022\/07\/image4-1-195x300.jpg 195w\" sizes=\"auto, (max-width: 431px) 100vw, 431px\" \/><\/figure>\n<\/div>","protected":false},"excerpt":{"rendered":"<p>[vc_row][vc_column][vc_column_text] Si vous avez envie de conna\u00eetre les moindres d\u00e9tails du projet, des \u00e9l\u00e9ments techniques aux r\u00e9flexions fonctionnelles, des calculs de pr\u00e9dimensionnement ou encore des&#8230;<\/p>\n","protected":false},"author":1,"featured_media":0,"parent":0,"menu_order":0,"comment_status":"open","ping_status":"closed","template":"","meta":{"footnotes":""},"class_list":["post-226","page","type-page","status-publish","hentry"],"_links":{"self":[{"href":"https:\/\/spheravague.fr\/index.php\/wp-json\/wp\/v2\/pages\/226","targetHints":{"allow":["GET"]}}],"collection":[{"href":"https:\/\/spheravague.fr\/index.php\/wp-json\/wp\/v2\/pages"}],"about":[{"href":"https:\/\/spheravague.fr\/index.php\/wp-json\/wp\/v2\/types\/page"}],"author":[{"embeddable":true,"href":"https:\/\/spheravague.fr\/index.php\/wp-json\/wp\/v2\/users\/1"}],"replies":[{"embeddable":true,"href":"https:\/\/spheravague.fr\/index.php\/wp-json\/wp\/v2\/comments?post=226"}],"version-history":[{"count":33,"href":"https:\/\/spheravague.fr\/index.php\/wp-json\/wp\/v2\/pages\/226\/revisions"}],"predecessor-version":[{"id":2552,"href":"https:\/\/spheravague.fr\/index.php\/wp-json\/wp\/v2\/pages\/226\/revisions\/2552"}],"wp:attachment":[{"href":"https:\/\/spheravague.fr\/index.php\/wp-json\/wp\/v2\/media?parent=226"}],"curies":[{"name":"wp","href":"https:\/\/api.w.org\/{rel}","templated":true}]}}