{"id":2084,"date":"2022-06-27T15:00:32","date_gmt":"2022-06-27T13:00:32","guid":{"rendered":"https:\/\/spheravague.fr\/?page_id=2084"},"modified":"2023-02-25T18:40:19","modified_gmt":"2023-02-25T17:40:19","slug":"spheravague","status":"publish","type":"page","link":"https:\/\/spheravague.fr\/index.php\/spheravague\/","title":{"rendered":"SPHERAVAGUE"},"content":{"rendered":"\n<figure class=\"wp-block-image size-full\"><img loading=\"lazy\" decoding=\"async\" width=\"955\" height=\"633\" src=\"https:\/\/spheravague.fr\/wp-content\/uploads\/2022\/06\/accueil-1-1.jpg\" alt=\"\" class=\"wp-image-2198\" srcset=\"https:\/\/spheravague.fr\/wp-content\/uploads\/2022\/06\/accueil-1-1.jpg 955w, https:\/\/spheravague.fr\/wp-content\/uploads\/2022\/06\/accueil-1-1-300x199.jpg 300w, https:\/\/spheravague.fr\/wp-content\/uploads\/2022\/06\/accueil-1-1-768x509.jpg 768w, https:\/\/spheravague.fr\/wp-content\/uploads\/2022\/06\/accueil-1-1-440x292.jpg 440w\" sizes=\"auto, (max-width: 955px) 100vw, 955px\" \/><\/figure>\n\n\n\n<p>[vc_section][vc_row css=\u00a0\u00bb.vc_custom_1656073618990{background-color: #ffffff !;}\u00a0\u00bb][vc_column css=\u00a0\u00bb.vc_custom_1656073594024{background-color: #ffffff !;}\u00a0\u00bb][\/vc_column][\/vc_row][\/vc_section]<\/p>\n\n\n\n<p><strong><\/strong><strong>&nbsp;&nbsp;&nbsp;&nbsp;&nbsp; &nbsp;&nbsp;&nbsp;&nbsp;&nbsp;&nbsp;&nbsp;&nbsp;&nbsp;&nbsp;&nbsp;&nbsp;&nbsp;&nbsp;&nbsp;&nbsp;&nbsp;&nbsp; <\/strong><strong>SPHERAVAGUE<\/strong><\/p>\n\n\n\n<p><strong>(Le bateau sph\u00e9rique motoris\u00e9 unique au monde)<\/strong><\/p>\n\n\n\n<p>\u00ab&nbsp;<strong>SPHERAVAGUE<\/strong>&nbsp;\u00bb est une construction navale amateur capable d\u2019affronter de tr\u00e8s fortes temp\u00eates, en toute s\u00e9curit\u00e9. C\u2019est une machine multifonction qui peut servir de capsule de survie, en situations extr\u00eame ou tout simplement \u00eatre utilis\u00e9e comme un petit bateau de plaisance procurant de nouvelles sensations sur l\u2019eau avec en plus une possibilit\u00e9 d\u2019observation sous-marine.<\/p>\n\n\n\n<p>Cette embarcation, hors norme (1,90 m de diam\u00e8tre), parfaitement \u00e9tanche, r\u00e9alis\u00e9e en plexiglas coul\u00e9 transparent, est \u00e9quip\u00e9e de deux moteurs \u00e9lectriques aliment\u00e9s par deux batteries \u00e0 courant continu pour se d\u00e9placer sur l\u2019eau sans bruit et sans pollution. Sa forme sph\u00e9rique lui conf\u00e8re avant tout une tr\u00e8s grande r\u00e9sistance \u00e0 la pression, le rend remarquablement maniable et tr\u00e8s stable, m\u00eame par mer agit\u00e9e et forte houle, car l\u2019effet de travers n\u2019existe pas (tangage&nbsp;=&nbsp;roulis). Ce tout petit navire, tr\u00e8s s\u00fbr, n\u2019est pas con\u00e7u pour faire de la vitesse mais pour se d\u00e9placer sans risque, par n\u2019importe quel temps et toujours au sec. Il est class\u00e9 parmi les insubmersibles les plus petits au monde.<\/p>\n\n\n\n<p>Sch\u00e9mas simplifi\u00e9s de La \u00ab SPHERAVAGUE \u00bb<\/p>\n\n\n\n<figure class=\"wp-block-image size-full is-resized\"><img loading=\"lazy\" decoding=\"async\" src=\"https:\/\/spheravague.fr\/wp-content\/uploads\/2023\/02\/image.png\" alt=\"\" class=\"wp-image-2595\" width=\"239\" height=\"211\"\/><figcaption class=\"wp-element-caption\">Vue de c\u00f4t\u00e9<\/figcaption><\/figure>\n\n\n\n<figure class=\"wp-block-image size-full\"><img loading=\"lazy\" decoding=\"async\" width=\"240\" height=\"229\" src=\"https:\/\/spheravague.fr\/wp-content\/uploads\/2023\/02\/image-1.png\" alt=\"\" class=\"wp-image-2596\"\/><figcaption class=\"wp-element-caption\">Vue de dessus<\/figcaption><\/figure>\n\n\n\n<figure class=\"wp-block-image size-full\"><img loading=\"lazy\" decoding=\"async\" width=\"542\" height=\"297\" src=\"https:\/\/spheravague.fr\/wp-content\/uploads\/2023\/02\/image-2.png\" alt=\"\" class=\"wp-image-2597\" srcset=\"https:\/\/spheravague.fr\/wp-content\/uploads\/2023\/02\/image-2.png 542w, https:\/\/spheravague.fr\/wp-content\/uploads\/2023\/02\/image-2-300x164.png 300w, https:\/\/spheravague.fr\/wp-content\/uploads\/2023\/02\/image-2-440x241.png 440w\" sizes=\"auto, (max-width: 542px) 100vw, 542px\" \/><figcaption class=\"wp-element-caption\">Vue face avant et arri\u00e8re<\/figcaption><\/figure>\n\n\n\n<p><strong>\u00a0\u00a0\u00a0\u00a0\u00a0\u00a0\u00a0\u00a0\u00a0\u00a0\u00a0\u00a0\u00a0\u00a0\u00a0\u00a0\u00a0\u00a0\u00a0\u00a0\u00a0\u00a0\u00a0\u00a0\u00a0\u00a0\u00a0\u00a0\u00a0\u00a0\u00a0\u00a0\u00a0\u00a0\u00a0\u00a0\u00a0\u00a0\u00a0\u00a0\u00a0\u00a0\u00a0\u00a0\u00a0<\/strong><\/p>\n\n\n\n<h1 class=\"wp-block-heading\"><a><\/a><a><\/a><a>CARACTERISTIQUES GENERALES<\/a><\/h1>\n\n\n\n<p>Premi\u00e8re mise \u00e0 l\u2019eau&nbsp;: Juillet 2020<\/p>\n\n\n\n<p>Navire cat\u00e9gorie C (immatricul\u00e9) pour 2 personnes (2 si\u00e8ges baquets \u00e9quip\u00e9s de harnais 4 points comp\u00e9tition).<\/p>\n\n\n\n<p>Enti\u00e8rement \u00e9tanche (2 vannes de fermeture) avec 2 syst\u00e8mes de remplissage et d\u2019extraction d\u2019air (2 m<sup>3<\/sup>\/minute) pour le renouvellement de l\u2019air et une VMC de confort aliment\u00e9e par 2 petits panneaux solaires.<\/p>\n\n\n\n<p>Couple de redressement maximal&nbsp;: CR<sub>90<\/sub> &gt; 2 kN.m<\/p>\n\n\n\n<p>Puissance \u00e9lectrique totale avec les 2 moteurs (entr\u00e9e moteurs)&nbsp;: Pe = 8000 W<\/p>\n\n\n\n<p>Puissance sur arbre avec les deux moteurs&nbsp;: P<sub>a<\/sub> = 6873 W<\/p>\n\n\n\n<p>2 panneaux de pont de 518 mm pour entrer et sortir<\/p>\n\n\n\n<p>1 panneau de pont de 300 mm pour passage de l\u2019ancre<\/p>\n\n\n\n<p>Echelle de secours encastr\u00e9e (AR)<\/p>\n\n\n\n<p>Un sondeur interne<\/p>\n\n\n\n<p>Alimentation \u00e9lectrique en 48V, 24V, 12V et 5V<\/p>\n\n\n\n<p>Diam\u00e8tre&nbsp;coque (largeur = longueur = hauteur) : 1,90 m<\/p>\n\n\n\n<p>Volume int\u00e9rieur vide&nbsp;: 3,5 m<sup>3<\/sup><\/p>\n\n\n\n<p>Epaisseur non constante de la coque&nbsp;: 15 mm max \u00e0 l\u2019\u00e9quateur et 5 mm min au sommet<\/p>\n\n\n\n<p>Mati\u00e8re&nbsp;coque : Plexiglas (PMMA) transparent<\/p>\n\n\n\n<p>D\u00e9placement l\u00e8ge&nbsp;: 430 kg<\/p>\n\n\n\n<p>Masse \u00e0 vide (\u00e9quip\u00e9e)&nbsp;: 435 kg<\/p>\n\n\n\n<p>Masse en charge&nbsp;(avec 2 personnes \u00e0 bord)&nbsp;: 602 kg<\/p>\n\n\n\n<p>Tirant d\u2019eau (\u00e0 l\u2019arr\u00eat)&nbsp;: 0,65 m<\/p>\n\n\n\n<p>Chargement maximal&nbsp;cargaison : 1240 kg (pour un tirant d\u2019eau de 0,95 m)<\/p>\n\n\n\n<p>Vitesse d\u2019avance maximale&nbsp;: &nbsp;&nbsp;Vmax = 8 km\/h &nbsp;(4,3 N\u0153uds)<\/p>\n\n\n\n<h1 class=\"wp-block-heading\"><a><\/a><a><\/a><a>CARACTERISTIQUES TECHNIQUES<\/a><\/h1>\n\n\n\n<p>Deux moteurs (pods fixes) \u00e9lectriques (48 V) de 4000 watts chacun, soit une puissance totale en entr\u00e9e de 8000 watts.<\/p>\n\n\n\n<p>Pouss\u00e9e statique totale&nbsp;: 378 lbs (171,46 Kg)<\/p>\n\n\n\n<p>Deux h\u00e9lices 3 pales (pas \u00e0 droite) de diam\u00e8tre 304,8 mm (soit 12 pouces)<\/p>\n\n\n\n<p>Pas de l\u2019h\u00e9lice 254 mm (soit 10 pouces)<\/p>\n\n\n\n<p>2 ordinateurs de bord int\u00e9gr\u00e9s avec moniteur (vitesse, autonomie, puissance)<\/p>\n\n\n\n<p>2 manettes de commande (1 par moteur)<\/p>\n\n\n\n<p>2 coupe-circuits de s\u00e9curit\u00e9 (1 par moteur)<\/p>\n\n\n\n<p>Vitesse maximale des h\u00e9lices \u00e0 plein r\u00e9gime&nbsp;: 1300 tr\/min.<\/p>\n\n\n\n<p>Deux batteries \u00e9lectrochimiques Li NMC (indice de protection&nbsp;: IP 67), (tension nominale&nbsp;: 48 V)<\/p>\n\n\n\n<p>Temp\u00e9rature de fonctionnement&nbsp;: -20\u00b0C \u00e0 +60\u00b0C<\/p>\n\n\n\n<p><strong>PERFORMANCES<\/strong><\/p>\n\n\n\n<p><strong><em>Vitesse&nbsp;maximale<\/em><\/strong><strong> : <\/strong>V = 8 km\/h<strong><\/strong><\/p>\n\n\n\n<p><strong><em>Autonomie<\/em><\/strong>&nbsp;: A plein r\u00e9gime (V = 8 km\/h), plus de 10 km (ou 1h15\u2019) et \u00e0 vitesse de croisi\u00e8re (V&nbsp;= 4 km\/h), plus de 60 km (ou 15 h)<\/p>\n\n\n\n<p><strong><em>R\u00e9sistance au vent&nbsp;:<\/em><\/strong><\/p>\n\n\n\n<p><em>Vitesse max du vent = <\/em>176 km\/h<\/p>\n\n\n\n<p><em>(soit une force &gt; au niveau 12 de l\u2019\u00e9chelle de Beaufort ou un ouragan cat\u00e9gorie 3)<\/em><\/p>\n\n\n\n<p><strong><em>R\u00e9sistance \u00e0 la pression&nbsp;:<\/em><\/strong><\/p>\n\n\n\n<p><em>Pression max admissible sur la coque =<\/em>10 tonnes \/ m<sup>2<\/sup><strong><em><sup> <\/sup><\/em><\/strong>&nbsp;(1 bar<em>, soit 10 m sous l\u2019eau).<\/em><em><\/em><\/p>\n\n\n\n\n<p>[vc_row kwoon_bg=\u00a0\u00bbinverse\u00a0\u00bb el_id=\u00a0\u00bbspheravague\u00a0\u00bb][vc_column width=\u00a0\u00bb2\/3&Prime;][vc_single_image image=\u00a0\u00bb940&Prime; img_size=\u00a0\u00bbfull\u00a0\u00bb alignment=\u00a0\u00bbcenter\u00a0\u00bb onclick=\u00a0\u00bbcustom_link\u00a0\u00bb css_animation=\u00a0\u00bbbottom-to-top\u00a0\u00bb link=\u00a0\u00bb#\u00a0\u00bb][\/vc_column][vc_column width=\u00a0\u00bb1\/3&Prime;][vc_column_text]<\/p>\n<h3 class=\"main-title\">SPHERAVAGUE<\/h3>\n<p class=\"lead\">Un bateau, bien plus qu&rsquo;un bateau.<\/p>\n<p>[\/vc_column_text]\n\t\t<div class=\"feature wow fadeIn\" data-wow-duration=\"1s\" data-wow-delay=\"0s\">\n\t\t\t<div class=\"icon\"> \n\t\t\t\t<i class=\"budicon-note-5\"><\/i> \n\t\t\t<\/div>\n<h4>Une embarquation in\u00e9dite<\/h4>\n<p>Avez-vous d\u00e9j\u00e0 vu un bateau sph\u00e9rique ? Qui plus est motoris\u00e9 ? Spheravague c&rsquo;est une embarcation partie d&rsquo;une feuille blanche. Une nouveaut\u00e9 bient\u00f4t dans les vagues !\n\t\t<\/div>\n\t\n\t\t<div class=\"feature wow fadeIn\" data-wow-duration=\"1s\" data-wow-delay=\"0s\">\n\t\t\t<div class=\"icon\"> \n\t\t\t\t<i class=\"budicon-support\"><\/i> \n\t\t\t<\/div>\n<h4>Une nouvelle fa\u00e7on de naviguer.<\/h4>\n<p>Deux places, une structure totalement transparente, une motorisation 100% \u00e9lectrique. Spheravague c&rsquo;est une toute nouvelle fa\u00e7on de vivre l\u2019oc\u00e9an, de toutes nouvelles sensations.\n\t\t<\/div>\n\t\n\t\t<div class=\"feature wow fadeIn\" data-wow-duration=\"1s\" data-wow-delay=\"0.6s\">\n\t\t\t<div class=\"icon\"> \n\t\t\t\t<i class=\"budicon-leaf\"><\/i> \n\t\t\t<\/div>\n<h4>Les perspectives et au-del\u00e0.<\/h4>\n<p>Pour le loisir, pour le tourisme, pour le secourisme &#8230; les possibilit\u00e9s d&rsquo;utilisation sont nombreuses. Spheravague \u00e0 la possibilit\u00e9 et la capacit\u00e9 d&rsquo;\u00eatre une embarcation polyvalente.\n\t\t<\/div>\n\t[\/vc_column][\/vc_row]<\/p>\n\n\n\n<p>[vc_row][vc_column][\/vc_column][\/vc_row]<\/p>\n\n\n\n<p><\/p>\n\n\n\n<figure class=\"wp-block-video\"><video height=\"720\" style=\"aspect-ratio: 960 \/ 720;\" width=\"960\" controls src=\"https:\/\/spheravague.fr\/wp-content\/uploads\/2022\/07\/intro-spheravague.mp4\"><\/video><\/figure>\n","protected":false},"excerpt":{"rendered":"<p>[vc_section][vc_row css=\u00a0\u00bb.vc_custom_1656073618990{background-color: #ffffff !;}\u00a0\u00bb][vc_column css=\u00a0\u00bb.vc_custom_1656073594024{background-color: #ffffff !;}\u00a0\u00bb][\/vc_column][\/vc_row][\/vc_section] &nbsp;&nbsp;&nbsp;&nbsp;&nbsp; &nbsp;&nbsp;&nbsp;&nbsp;&nbsp;&nbsp;&nbsp;&nbsp;&nbsp;&nbsp;&nbsp;&nbsp;&nbsp;&nbsp;&nbsp;&nbsp;&nbsp;&nbsp; SPHERAVAGUE (Le bateau sph\u00e9rique motoris\u00e9 unique au monde) \u00ab&nbsp;SPHERAVAGUE&nbsp;\u00bb est une construction navale amateur capable d\u2019affronter&#8230;<\/p>\n","protected":false},"author":1,"featured_media":0,"parent":0,"menu_order":0,"comment_status":"closed","ping_status":"closed","template":"","meta":{"footnotes":""},"class_list":["post-2084","page","type-page","status-publish","hentry"],"_links":{"self":[{"href":"https:\/\/spheravague.fr\/index.php\/wp-json\/wp\/v2\/pages\/2084","targetHints":{"allow":["GET"]}}],"collection":[{"href":"https:\/\/spheravague.fr\/index.php\/wp-json\/wp\/v2\/pages"}],"about":[{"href":"https:\/\/spheravague.fr\/index.php\/wp-json\/wp\/v2\/types\/page"}],"author":[{"embeddable":true,"href":"https:\/\/spheravague.fr\/index.php\/wp-json\/wp\/v2\/users\/1"}],"replies":[{"embeddable":true,"href":"https:\/\/spheravague.fr\/index.php\/wp-json\/wp\/v2\/comments?post=2084"}],"version-history":[{"count":20,"href":"https:\/\/spheravague.fr\/index.php\/wp-json\/wp\/v2\/pages\/2084\/revisions"}],"predecessor-version":[{"id":2599,"href":"https:\/\/spheravague.fr\/index.php\/wp-json\/wp\/v2\/pages\/2084\/revisions\/2599"}],"wp:attachment":[{"href":"https:\/\/spheravague.fr\/index.php\/wp-json\/wp\/v2\/media?parent=2084"}],"curies":[{"name":"wp","href":"https:\/\/api.w.org\/{rel}","templated":true}]}}