{"id":2010,"date":"2022-06-24T15:52:39","date_gmt":"2022-06-24T13:52:39","guid":{"rendered":"https:\/\/spheravague.fr\/?page_id=2010"},"modified":"2022-06-28T11:54:04","modified_gmt":"2022-06-28T09:54:04","slug":"biographie","status":"publish","type":"page","link":"https:\/\/spheravague.fr\/index.php\/biographie\/","title":{"rendered":"Biographie"},"content":{"rendered":"\n<p><\/p>\n\n\n\n<div class=\"wp-block-columns is-layout-flex wp-container-core-columns-is-layout-9d6595d7 wp-block-columns-is-layout-flex\">\n<div class=\"wp-block-column is-vertically-aligned-center is-layout-flow wp-block-column-is-layout-flow\" style=\"flex-basis:30%\">\n<h3 class=\"has-text-align-left wp-block-heading\">QUI SUIS-JE ?<\/h3>\n\n\n\n<p class=\"has-text-align-left\">Je m&rsquo;appelle Philippe,&nbsp;Ing\u00e9nieur en m\u00e9canique industrielle. Passionn\u00e9 par les bateaux.<\/p>\n\n\n\n<p><\/p>\n\n\n\n<p>\u00ab\u00a0<em>Ing\u00e9nieur en m\u00e9canique industrielle, Philippe FAYOLLAS a commenc\u00e9 sur la planche \u00e0 dessin pour la construction de chaudi\u00e8res et d\u2019avions, ensuite, il a bifurqu\u00e9 dans le domaine de la pr\u00e9paration en fabrication, ensuite, sp\u00e9cialiste des vibrations, il a travaill\u00e9 dans les essais thermom\u00e9caniques, puis dans l\u2019installation et le montage, dans la conception opto-m\u00e9canique, et enfin dans la m\u00e9trologie, le positionnement et la mesure. Actuellement il est charg\u00e9 de communication. Cet ing\u00e9nieur chercheur, d\u00e9bordant d\u2019imagination et de cr\u00e9ativit\u00e9, est l\u2019auteur de plusieurs brevets d\u2019invention. Il a su exploiter toute son exp\u00e9rience multitechnique et toute son ing\u00e9niosit\u00e9 pour concevoir cette tr\u00e8s curieuse embarcation nomm\u00e9e \u00ab\u00a0SPHERAVAGUE\u00a0\u00bb pouvant naviguer en toute s\u00e9curit\u00e9 sur les flots par tous les temps<\/em>.\u00a0\u00bb<br><\/p>\n<\/div>\n\n\n\n<div class=\"wp-block-column is-layout-flow wp-block-column-is-layout-flow\" style=\"flex-basis:50%\"><div class=\"wp-block-image\">\n<figure class=\"aligncenter size-full is-resized\"><img loading=\"lazy\" decoding=\"async\" src=\"http:\/\/spheravague.fr\/wp-content\/uploads\/2022\/06\/moi-16.jpg\" alt=\"\" class=\"wp-image-1995\" width=\"572\" height=\"643\" srcset=\"https:\/\/spheravague.fr\/wp-content\/uploads\/2022\/06\/moi-16.jpg 825w, https:\/\/spheravague.fr\/wp-content\/uploads\/2022\/06\/moi-16-267x300.jpg 267w, https:\/\/spheravague.fr\/wp-content\/uploads\/2022\/06\/moi-16-768x863.jpg 768w, https:\/\/spheravague.fr\/wp-content\/uploads\/2022\/06\/moi-16-440x494.jpg 440w\" sizes=\"auto, (max-width: 572px) 100vw, 572px\" \/><\/figure>\n<\/div><\/div>\n<\/div>\n\n\n\n<div style=\"height:100px\" aria-hidden=\"true\" class=\"wp-block-spacer\"><\/div>\n\n\n\n<div class=\"wp-block-columns is-layout-flex wp-container-core-columns-is-layout-9d6595d7 wp-block-columns-is-layout-flex\">\n<div class=\"wp-block-column is-layout-flow wp-block-column-is-layout-flow\"><div class=\"wp-block-image\">\n<figure class=\"aligncenter size-full\"><img loading=\"lazy\" decoding=\"async\" width=\"108\" height=\"108\" src=\"http:\/\/spheravague.fr\/wp-content\/uploads\/2015\/05\/icon-help@2x.png\" alt=\"\" class=\"wp-image-252\" srcset=\"https:\/\/spheravague.fr\/wp-content\/uploads\/2015\/05\/icon-help@2x.png 108w, https:\/\/spheravague.fr\/wp-content\/uploads\/2015\/05\/icon-help@2x-85x85.png 85w\" sizes=\"auto, (max-width: 108px) 100vw, 108px\" \/><\/figure>\n<\/div><\/div>\n\n\n\n<div class=\"wp-block-column is-layout-flow wp-block-column-is-layout-flow\"><div class=\"wp-block-image\">\n<figure class=\"aligncenter size-full\"><img loading=\"lazy\" decoding=\"async\" width=\"108\" height=\"107\" src=\"http:\/\/spheravague.fr\/wp-content\/uploads\/2018\/03\/icon-search@2x.png\" alt=\"\" class=\"wp-image-1040\" srcset=\"https:\/\/spheravague.fr\/wp-content\/uploads\/2018\/03\/icon-search@2x.png 108w, https:\/\/spheravague.fr\/wp-content\/uploads\/2018\/03\/icon-search@2x-85x85.png 85w\" sizes=\"auto, (max-width: 108px) 100vw, 108px\" \/><\/figure>\n<\/div><\/div>\n\n\n\n<div class=\"wp-block-column is-layout-flow wp-block-column-is-layout-flow\"><div class=\"wp-block-image\">\n<figure class=\"aligncenter size-full\"><img loading=\"lazy\" decoding=\"async\" width=\"100\" height=\"108\" src=\"http:\/\/spheravague.fr\/wp-content\/uploads\/2018\/02\/icon-compas@2x.png\" alt=\"\" class=\"wp-image-948\"\/><\/figure>\n<\/div><\/div>\n<\/div>\n\n\n\n<div class=\"wp-block-columns is-layout-flex wp-container-core-columns-is-layout-9d6595d7 wp-block-columns-is-layout-flex\">\n<div class=\"wp-block-column is-layout-flow wp-block-column-is-layout-flow\">\n<div class=\"wp-block-columns alignwide are-vertically-aligned-center is-layout-flex wp-container-core-columns-is-layout-9d6595d7 wp-block-columns-is-layout-flex\">\n<div class=\"wp-block-column is-layout-flow wp-block-column-is-layout-flow\" style=\"flex-basis:15%\"><\/div>\n\n\n\n<div class=\"wp-block-column is-layout-flow wp-block-column-is-layout-flow\" style=\"flex-basis:85%\">\n<h3 class=\"has-text-align-center wp-block-heading\">Une philosophie de vie<\/h3>\n\n\n\n<p class=\"has-text-align-center\">Ce projet fait maintenant partie-prenante de mon quotidien, de mon entourage. Tout le monde est engag\u00e9 et impliqu\u00e9 pour voir grandir et se construire SPHERAVAGUE.<\/p>\n<\/div>\n<\/div>\n<\/div>\n\n\n\n<div class=\"wp-block-column is-layout-flow wp-block-column-is-layout-flow\">\n<div class=\"wp-block-columns alignwide is-layout-flex wp-container-core-columns-is-layout-9d6595d7 wp-block-columns-is-layout-flex\">\n<div class=\"wp-block-column is-layout-flow wp-block-column-is-layout-flow\" style=\"flex-basis:15%\"><\/div>\n\n\n\n<div class=\"wp-block-column is-layout-flow wp-block-column-is-layout-flow\" style=\"flex-basis:85%\">\n<h3 class=\"has-text-align-center wp-block-heading\">Une d\u00e9marche in\u00e9dite<\/h3>\n\n\n\n<p class=\"has-text-align-center\">L&rsquo;occasion pour moi de me lancer dans une aventure. Un projet in\u00e9dit o\u00f9 tout est d\u00e9couverte. L&rsquo;occasion d&rsquo;apprendre et de d\u00e9passer mes limites.<\/p>\n<\/div>\n<\/div>\n<\/div>\n\n\n\n<div class=\"wp-block-column is-layout-flow wp-block-column-is-layout-flow\">\n<div class=\"wp-block-columns alignwide is-layout-flex wp-container-core-columns-is-layout-9d6595d7 wp-block-columns-is-layout-flex\">\n<div class=\"wp-block-column is-layout-flow wp-block-column-is-layout-flow\" style=\"flex-basis:15%\"><\/div>\n\n\n\n<div class=\"wp-block-column is-layout-flow wp-block-column-is-layout-flow\" style=\"flex-basis:85%\">\n<h3 class=\"has-text-align-center wp-block-heading\">Le r\u00eave d&rsquo;un enfant<\/h3>\n\n\n\n<p class=\"has-text-align-center\">Spheravague c&rsquo;est une prise de conscience. Vouloir cr\u00e9er ce que j&rsquo;ai toujours r\u00eav\u00e9 \u00e9tant enfant. Un bateau, mon bateau, unique et original.<\/p>\n<\/div>\n<\/div>\n<\/div>\n<\/div>\n","protected":false},"excerpt":{"rendered":"<p>QUI SUIS-JE ? Je m&rsquo;appelle Philippe,&nbsp;Ing\u00e9nieur en m\u00e9canique industrielle. Passionn\u00e9 par les bateaux. \u00ab\u00a0Ing\u00e9nieur en m\u00e9canique industrielle, Philippe FAYOLLAS a commenc\u00e9 sur la planche \u00e0&#8230;<\/p>\n","protected":false},"author":1,"featured_media":0,"parent":0,"menu_order":0,"comment_status":"closed","ping_status":"closed","template":"","meta":{"footnotes":""},"class_list":["post-2010","page","type-page","status-publish","hentry"],"_links":{"self":[{"href":"https:\/\/spheravague.fr\/index.php\/wp-json\/wp\/v2\/pages\/2010","targetHints":{"allow":["GET"]}}],"collection":[{"href":"https:\/\/spheravague.fr\/index.php\/wp-json\/wp\/v2\/pages"}],"about":[{"href":"https:\/\/spheravague.fr\/index.php\/wp-json\/wp\/v2\/types\/page"}],"author":[{"embeddable":true,"href":"https:\/\/spheravague.fr\/index.php\/wp-json\/wp\/v2\/users\/1"}],"replies":[{"embeddable":true,"href":"https:\/\/spheravague.fr\/index.php\/wp-json\/wp\/v2\/comments?post=2010"}],"version-history":[{"count":14,"href":"https:\/\/spheravague.fr\/index.php\/wp-json\/wp\/v2\/pages\/2010\/revisions"}],"predecessor-version":[{"id":2236,"href":"https:\/\/spheravague.fr\/index.php\/wp-json\/wp\/v2\/pages\/2010\/revisions\/2236"}],"wp:attachment":[{"href":"https:\/\/spheravague.fr\/index.php\/wp-json\/wp\/v2\/media?parent=2010"}],"curies":[{"name":"wp","href":"https:\/\/api.w.org\/{rel}","templated":true}]}}